{"id":3,"date":"2023-01-21T11:27:38","date_gmt":"2023-01-21T10:27:38","guid":{"rendered":"http:\/\/perouliastonevilla.com\/?page_id=3"},"modified":"2024-06-06T17:47:12","modified_gmt":"2024-06-06T15:47:12","slug":"politique-de-confidentialite","status":"publish","type":"page","link":"https:\/\/perouliastonevilla.com\/index.php\/politique-de-confidentialite\/","title":{"rendered":"Politique de confidentialit\u00e9"},"content":{"rendered":"\t\t<div data-elementor-type=\"wp-page\" data-elementor-id=\"3\" class=\"elementor elementor-3\" data-elementor-post-type=\"page\">\n\t\t\t\t\t\t<section class=\"elementor-section elementor-top-section elementor-element elementor-element-2a478eee elementor-section-boxed elementor-section-height-default elementor-section-height-default\" data-id=\"2a478eee\" data-element_type=\"section\" data-settings=\"{&quot;ekit_has_onepagescroll_dot&quot;:&quot;yes&quot;}\">\n\t\t\t\t\t\t<div class=\"elementor-container elementor-column-gap-default\">\n\t\t\t\t\t<div class=\"elementor-column elementor-col-100 elementor-top-column elementor-element elementor-element-26dd7fe0\" data-id=\"26dd7fe0\" data-element_type=\"column\">\n\t\t\t<div class=\"elementor-widget-wrap elementor-element-populated\">\n\t\t\t\t\t\t<div class=\"elementor-element elementor-element-452987cb elementor-widget elementor-widget-text-editor\" data-id=\"452987cb\" data-element_type=\"widget\" data-settings=\"{&quot;ekit_we_effect_on&quot;:&quot;none&quot;}\" data-widget_type=\"text-editor.default\">\n\t\t\t\t<div class=\"elementor-widget-container\">\n\t\t\t\t\t\t\t<!-- wp:heading -->\n<p>\u00a0<\/p>\n<p>\u00a0<\/p>\n<p><strong>Article 1 \/ Dur\u00e9e du s\u00e9jour<\/strong><\/p>\n<p>Le client signataire du pr\u00e9sent contrat, conclu pour une dur\u00e9e d\u00e9termin\u00e9e, ne pourra en aucune circonstance se pr\u00e9valoir d\u2019un quelconque droit au maintien dans les lieux.<\/p>\n<p><strong>Article 2 \/ Formalit\u00e9s de r\u00e9servation<\/strong><\/p>\n<p>Apr\u00e8s r\u00e9ception de votre demande de r\u00e9servation, nous vous adressons par e-mail un courrier de confirmation de votre demande et vous invitons \u00e0 r\u00e9gler un acompte \u00e9quivalent \u00e0 50% du montant total du s\u00e9jour. Cet acompte pourra \u00eatre r\u00e9alis\u00e9 par virement bancaire (sur notre formulaire de paiement en ligne)\u00a0<br \/>Le montant de l\u2019acompte sera d\u00e9duit de votre facture \u00e0 l\u2019issu de votre s\u00e9jour. Ce n\u2019est qu\u2019une fois l\u2019acompte r\u00e9ceptionn\u00e9 que la r\u00e9servation deviendra ferme et d\u00e9finitive et que vous validerez au m\u00eame titre votre accord plein et entier avec les pr\u00e9sentes conditions g\u00e9n\u00e9rales. Dans le cas o\u00f9 l\u2019acompte ne serait pas vers\u00e9 dans les d\u00e9lais impartis, la villa sera de plein droit remise \u00e0 la location.<\/p>\n<p>Le solde sera \u00e0 r\u00e9gler au plus tard 21 jours avant la date d\u2019arriv\u00e9e.<\/p>\n<p>Dans le cas o\u00f9 le solde ne serait pas r\u00e9gl\u00e9 dans le d\u00e9lai, la r\u00e9servation sera de plein droit annul\u00e9e.<\/p>\n<p><strong>Article 3 \/ Annulation du s\u00e9jour par le client<\/strong><\/p>\n<p>L\u2019annulation d\u2019un s\u00e9jour doit \u00eatre notifi\u00e9e par e-mail. Nous vous informons qu\u2019en fonction de la date d\u2019annulation de la r\u00e9servation, tout ou partie du montant du s\u00e9jour vous sera factur\u00e9 :<br \/>\u2013 Si l\u2019annulation intervient plus de 21 jours avant la date d\u2019arriv\u00e9e, l\u2019acompte sera rembours\u00e9 dans sa totalit\u00e9.<br \/>\u2013 Si l\u2019annulation intervient moins de 21 jours avant la date d\u2019arriv\u00e9e, la totalit\u00e9 de l\u2019acompte restera acquis par PEROULIA STONE VILLA.<br \/>\u2013 Sans d\u00e9lai de pr\u00e9venance d\u2019une annulation de s\u00e9jour ou une annulation le jour m\u00eame de la r\u00e9servation, la totalit\u00e9 du montant du s\u00e9jour vous sera factur\u00e9 en d\u00e9dommagement.<br \/>\u2013 En cas de d\u00e9part anticip\u00e9 en cours de s\u00e9jour : aucun remboursement ne sera effectu\u00e9.<br \/>Nous pr\u00e9cisons \u00e0 votre attention qu\u2019aucune assurance annulation n\u2019est incluse dans nos tarifs.<br \/><br \/><strong>Article 4 \/ Annulation du s\u00e9jour par le propri\u00e9taire<\/strong><\/p>\n<p>Une annulation de r\u00e9servation exp\u00e9di\u00e9e par e-mail pourra \u00eatre effectu\u00e9e par nos soins, pour les raisons non exhaustives suivantes :<\/p>\n<p>Maladie grave ou invalidit\u00e9 du propri\u00e9taire ou de leurs enfants sur une p\u00e9riode de longue dur\u00e9e.\u00a0 Sans pr\u00e9avis remboursement de la somme vers\u00e9e.D\u00e9gradation des locaux par incendie ou intemp\u00e9ries graves tels que temp\u00eates ou autres ph\u00e9nom\u00e8nes climatiques nuisant \u00e0 la s\u00e9curit\u00e9 des h\u00f4tes. Sans pr\u00e9avis avec remboursement de la somme vers\u00e9e. Rupture d\u2019alimentations d\u2019eau ou\/et d\u2019\u00e9lectricit\u00e9 sur une p\u00e9riode donn\u00e9e rendant impossible l\u2019exercice de nos fonctions. Sans Pr\u00e9avis avec remboursement de la somme vers\u00e9e. Vente du domaine. \u00a0Dans ce cas pr\u00e9avis d\u2019annulation de 1 mois avec remboursement de l\u2019acompte.<\/p>\n<p><strong>Article 5 \/ Heure d\u2019arriv\u00e9e et de d\u00e9part<\/strong><\/p>\n<p>La villa sera pr\u00eate \u00e0 vous accueillir \u00e0 partir de 17h et ce jusque 21h. Elle devra \u00eatre lib\u00e9r\u00e9e le jour de votre d\u00e9part pour 10h au plus tard. Nous vous remercions de nous informer de votre horaire d\u2019arriv\u00e9e la veille ou le matin m\u00eame de votre arriv\u00e9e afin que nous soyons bien disponibles pour vous accueillir.<\/p>\n<p><strong>Article 6 \/ Tarifs et taxe de s\u00e9jour<\/strong><\/p>\n<p>Nos conditions et tarifs sont non contractuels et modifiables sans pr\u00e9avis. Nous collectons la taxe de s\u00e9jour pour la reverser ensuite \u00e0 l\u2019\u00e9tat grec. La taxe de s\u00e9jour s\u2019\u00e9l\u00e8ve \u00e0 0,30 cents par nuit\u00e9e et par personne (\u00e0 partir de 18 ans).<\/p>\n<p><strong>Article 7 \/ Capacit\u00e9 et Acc\u00e8s<\/strong><\/p>\n<p>Le pr\u00e9sent contrat est \u00e9tabli pour un nombre de 6 personnes maximum. Lors de la prise des cl\u00e9s, une cl\u00e9 d\u2019acc\u00e8s \u00e0 la villa vous sera remise.<br \/>Merci de pr\u00eater attention \u00e0 votre trousseau, toute perte engendrera des frais suppl\u00e9mentaires s\u2019\u00e9levant \u00e0 100\u20ac. A titre de d\u00e9dommagement, ce montant sera ajout\u00e9 \u00e0 votre facture au moment de votre d\u00e9part.<br \/>L\u2019acc\u00e8s \u00e0 la villa est strictement r\u00e9serv\u00e9 \u00e0 notre client\u00e8le. Le client s\u2019engage \u00e0 ne pas faire visiter les lieux par des visiteurs s\u2019il n\u2019y a pas \u00e9t\u00e9 express\u00e9ment autoris\u00e9. En cas de non-respect de ce principe, la r\u00e9servation pourra prendre fin imm\u00e9diatement.<\/p>\n<p><strong>Article 8 \/ Accessibilit\u00e9 des services<\/strong><\/p>\n<p>En cas de force majeure, PEROULIA STONE VILLA ne peut garantir la r\u00e9gularit\u00e9 des services d\u2019eau et d\u2019\u00e9lectricit\u00e9 quelle que soit la dur\u00e9e des coupures ou dysfonctionnement ainsi que toute fermeture brutale du site provoqu\u00e9e par un cas de force majeure ind\u00e9pendant de notre volont\u00e9.<br \/>PEROULIA STONE VILLA d\u00e9cline donc toute responsabilit\u00e9, au-del\u00e0 de sa responsabilit\u00e9 l\u00e9gale, pour toute privation ou diminution de jouissance ne provenant pas de son fait.<br \/>La responsabilit\u00e9 de PEROULIA STONE VILLA, au-del\u00e0 de sa responsabilit\u00e9 l\u00e9gale, ne peut \u00eatre engag\u00e9e en cas de panne ou de mise hors service des \u00e9quipements techniques, si le mauvais fonctionnement et les r\u00e9parations \u00e9taient non pr\u00e9visibles.<\/p>\n<p><strong>Article 9 \/ Animaux de compagnie<\/strong><\/p>\n<p>Nous sommes au regret de ne pouvoir accepter vos animaux de compagnie.<\/p>\n<p><strong>Article 10 \/ Art de vivre et utilisation des lieux<\/strong><\/p>\n<p>Afin de garantir la tranquillit\u00e9 des lieux et le confort de tous, le respect d\u2019un certain \u00ab art de vivre \u00bb est exig\u00e9.<br \/>Il est notamment demand\u00e9 de ne pas fumer \u00e0 l\u2019int\u00e9rieur de la villa. En cas de non-respect de cette consigne, des d\u00e9tecteurs de fum\u00e9e pourraient se d\u00e9clencher de mani\u00e8re intempestive et perturber le confort de tous. C\u2019est pourquoi, pour nos clients fumeurs, nous avons entrepos\u00e9 \u00e0 leur intention des cendriers \u00e0 l\u2019ext\u00e9rieur, accessibles \u00e0 toute heure. Le client s\u2019engage \u00e9galement \u00e0 respecter les consignes de savoir-vivre qui lui seront indiqu\u00e9es et les pr\u00e9sentes conditions g\u00e9n\u00e9rales de vente.<br \/>Le client s\u2019engage \u00e0 rendre la villa en parfait \u00e9tat \u00e0 la fin du s\u00e9jour et \u00e0 d\u00e9clarer syst\u00e9matiquement et \u00e0 assumer financi\u00e8rement toute d\u00e9gradation dont il serait responsable. Ceci est \u00e9galement valable pour tout le mat\u00e9riel qui serait mis \u00e0 sa disposition au cours du s\u00e9jour.<br \/>L\u2019attention des clients est attir\u00e9e sur le fait que les mineurs \u00e9voluant au sein de la maison sont plac\u00e9s sous l\u2019unique et enti\u00e8re responsabilit\u00e9 de leurs parents ou des personnes ayant autorit\u00e9 sur eux. PEROULIA STONE VILLA n\u2019acceptera aucune responsabilit\u00e9 en cas de perte, de vol et\/ou de dommages et\/ou de blessures caus\u00e9s aux biens et\/ou aux personnes se trouvant sur la propri\u00e9t\u00e9, et ce quelle qu\u2019en soit la cause.<\/p>\n<p><strong>Article 11 \/ Modification des conditions de vente<\/strong><\/p>\n<p>Les pr\u00e9sentes conditions de vente sont modifiables \u00e0 tout moment et sans pr\u00e9avis. L\u2019acceptation et le respect de ces conditions de vente sont r\u00e9put\u00e9s acquis aussit\u00f4t l\u2019acompte vers\u00e9.<\/p>\n<p><strong>Article 12 \/ Loi informatique et libert\u00e9<\/strong><\/p>\n<p>Conform\u00e9ment \u00e0 la loi n\u00b0 78-17 du 6 janvier 1978 relative \u00e0 l\u2019informatique, aux fichiers et aux libert\u00e9s, vous b\u00e9n\u00e9ficiez d\u2019un droit d\u2019acc\u00e8s et de rectification aux donn\u00e9es vous concernant. Nous nous engageons \u00e0 ne transmettre en aucun cas les informations que vous nous avez communiqu\u00e9es \u00e0 d\u2019autres soci\u00e9t\u00e9s ou organismes.<\/p>\n<!-- \/wp:paragraph -->\t\t\t\t\t\t<\/div>\n\t\t\t\t<\/div>\n\t\t\t\t\t<\/div>\n\t\t<\/div>\n\t\t\t\t\t<\/div>\n\t\t<\/section>\n\t\t\t\t<\/div>\n\t\t","protected":false},"excerpt":{"rendered":"<p>\u00a0 \u00a0 Article 1 \/ Dur\u00e9e du s\u00e9jour Le client signataire du pr\u00e9sent contrat, conclu pour une dur\u00e9e d\u00e9termin\u00e9e, ne pourra en aucune circonstance se pr\u00e9valoir d\u2019un quelconque droit au maintien dans les lieux. Article 2 \/ Formalit\u00e9s de r\u00e9servation Apr\u00e8s r\u00e9ception de votre demande de r\u00e9servation, nous vous adressons par e-mail un courrier de [&hellip;]<\/p>\n","protected":false},"author":1,"featured_media":0,"parent":0,"menu_order":0,"comment_status":"closed","ping_status":"open","template":"elementor_header_footer","meta":{"footnotes":""},"class_list":["post-3","page","type-page","status-publish","hentry"],"yoast_head":"<!-- This site is optimized with the Yoast SEO plugin v23.6 - https:\/\/yoast.com\/wordpress\/plugins\/seo\/ -->\n<title>Politique de confidentialit\u00e9 - Peroulia Stone Villa<\/title>\n<meta name=\"robots\" content=\"index, follow, max-snippet:-1, max-image-preview:large, max-video-preview:-1\" \/>\n<link rel=\"canonical\" href=\"https:\/\/perouliastonevilla.com\/index.php\/politique-de-confidentialite\/\" \/>\n<meta property=\"og:locale\" content=\"fr_FR\" \/>\n<meta property=\"og:type\" content=\"article\" \/>\n<meta property=\"og:title\" content=\"Politique de confidentialit\u00e9 - Peroulia Stone Villa\" \/>\n<meta property=\"og:description\" content=\"\u00a0 \u00a0 Article 1 \/ Dur\u00e9e du s\u00e9jour Le client signataire du pr\u00e9sent contrat, conclu pour une dur\u00e9e d\u00e9termin\u00e9e, ne pourra en aucune circonstance se pr\u00e9valoir d\u2019un quelconque droit au maintien dans les lieux. Article 2 \/ Formalit\u00e9s de r\u00e9servation Apr\u00e8s r\u00e9ception de votre demande de r\u00e9servation, nous vous adressons par e-mail un courrier de [&hellip;]\" \/>\n<meta property=\"og:url\" content=\"https:\/\/perouliastonevilla.com\/index.php\/politique-de-confidentialite\/\" \/>\n<meta property=\"og:site_name\" content=\"Peroulia Stone Villa\" \/>\n<meta property=\"article:modified_time\" content=\"2024-06-06T15:47:12+00:00\" \/>\n<meta name=\"twitter:card\" content=\"summary_large_image\" \/>\n<meta name=\"twitter:label1\" content=\"Dur\u00e9e de lecture estim\u00e9e\" \/>\n\t<meta name=\"twitter:data1\" content=\"6 minutes\" \/>\n<script type=\"application\/ld+json\" class=\"yoast-schema-graph\">{\"@context\":\"https:\/\/schema.org\",\"@graph\":[{\"@type\":\"WebPage\",\"@id\":\"https:\/\/perouliastonevilla.com\/index.php\/politique-de-confidentialite\/\",\"url\":\"https:\/\/perouliastonevilla.com\/index.php\/politique-de-confidentialite\/\",\"name\":\"Politique de confidentialit\u00e9 - Peroulia Stone Villa\",\"isPartOf\":{\"@id\":\"https:\/\/perouliastonevilla.com\/#website\"},\"datePublished\":\"2023-01-21T10:27:38+00:00\",\"dateModified\":\"2024-06-06T15:47:12+00:00\",\"breadcrumb\":{\"@id\":\"https:\/\/perouliastonevilla.com\/index.php\/politique-de-confidentialite\/#breadcrumb\"},\"inLanguage\":\"fr-FR\",\"potentialAction\":[{\"@type\":\"ReadAction\",\"target\":[\"https:\/\/perouliastonevilla.com\/index.php\/politique-de-confidentialite\/\"]}]},{\"@type\":\"BreadcrumbList\",\"@id\":\"https:\/\/perouliastonevilla.com\/index.php\/politique-de-confidentialite\/#breadcrumb\",\"itemListElement\":[{\"@type\":\"ListItem\",\"position\":1,\"name\":\"Accueil\",\"item\":\"https:\/\/perouliastonevilla.com\/\"},{\"@type\":\"ListItem\",\"position\":2,\"name\":\"Politique de confidentialit\u00e9\"}]},{\"@type\":\"WebSite\",\"@id\":\"https:\/\/perouliastonevilla.com\/#website\",\"url\":\"https:\/\/perouliastonevilla.com\/\",\"name\":\"Peroulia Stone Villa\",\"description\":\"greece, peloponnese\",\"publisher\":{\"@id\":\"https:\/\/perouliastonevilla.com\/#organization\"},\"potentialAction\":[{\"@type\":\"SearchAction\",\"target\":{\"@type\":\"EntryPoint\",\"urlTemplate\":\"https:\/\/perouliastonevilla.com\/?s={search_term_string}\"},\"query-input\":{\"@type\":\"PropertyValueSpecification\",\"valueRequired\":true,\"valueName\":\"search_term_string\"}}],\"inLanguage\":\"fr-FR\"},{\"@type\":\"Organization\",\"@id\":\"https:\/\/perouliastonevilla.com\/#organization\",\"name\":\"Peroulia Stone Villa\",\"url\":\"https:\/\/perouliastonevilla.com\/\",\"logo\":{\"@type\":\"ImageObject\",\"inLanguage\":\"fr-FR\",\"@id\":\"https:\/\/perouliastonevilla.com\/#\/schema\/logo\/image\/\",\"url\":\"https:\/\/perouliastonevilla.com\/wp-content\/uploads\/2023\/01\/LOGO_PEROULIASTONE_VILLA.png\",\"contentUrl\":\"https:\/\/perouliastonevilla.com\/wp-content\/uploads\/2023\/01\/LOGO_PEROULIASTONE_VILLA.png\",\"width\":1024,\"height\":460,\"caption\":\"Peroulia Stone Villa\"},\"image\":{\"@id\":\"https:\/\/perouliastonevilla.com\/#\/schema\/logo\/image\/\"}}]}<\/script>\n<!-- \/ Yoast SEO plugin. -->","yoast_head_json":{"title":"Politique de confidentialit\u00e9 - Peroulia Stone Villa","robots":{"index":"index","follow":"follow","max-snippet":"max-snippet:-1","max-image-preview":"max-image-preview:large","max-video-preview":"max-video-preview:-1"},"canonical":"https:\/\/perouliastonevilla.com\/index.php\/politique-de-confidentialite\/","og_locale":"fr_FR","og_type":"article","og_title":"Politique de confidentialit\u00e9 - Peroulia Stone Villa","og_description":"\u00a0 \u00a0 Article 1 \/ Dur\u00e9e du s\u00e9jour Le client signataire du pr\u00e9sent contrat, conclu pour une dur\u00e9e d\u00e9termin\u00e9e, ne pourra en aucune circonstance se pr\u00e9valoir d\u2019un quelconque droit au maintien dans les lieux. Article 2 \/ Formalit\u00e9s de r\u00e9servation Apr\u00e8s r\u00e9ception de votre demande de r\u00e9servation, nous vous adressons par e-mail un courrier de [&hellip;]","og_url":"https:\/\/perouliastonevilla.com\/index.php\/politique-de-confidentialite\/","og_site_name":"Peroulia Stone Villa","article_modified_time":"2024-06-06T15:47:12+00:00","twitter_card":"summary_large_image","twitter_misc":{"Dur\u00e9e de lecture estim\u00e9e":"6 minutes"},"schema":{"@context":"https:\/\/schema.org","@graph":[{"@type":"WebPage","@id":"https:\/\/perouliastonevilla.com\/index.php\/politique-de-confidentialite\/","url":"https:\/\/perouliastonevilla.com\/index.php\/politique-de-confidentialite\/","name":"Politique de confidentialit\u00e9 - Peroulia Stone Villa","isPartOf":{"@id":"https:\/\/perouliastonevilla.com\/#website"},"datePublished":"2023-01-21T10:27:38+00:00","dateModified":"2024-06-06T15:47:12+00:00","breadcrumb":{"@id":"https:\/\/perouliastonevilla.com\/index.php\/politique-de-confidentialite\/#breadcrumb"},"inLanguage":"fr-FR","potentialAction":[{"@type":"ReadAction","target":["https:\/\/perouliastonevilla.com\/index.php\/politique-de-confidentialite\/"]}]},{"@type":"BreadcrumbList","@id":"https:\/\/perouliastonevilla.com\/index.php\/politique-de-confidentialite\/#breadcrumb","itemListElement":[{"@type":"ListItem","position":1,"name":"Accueil","item":"https:\/\/perouliastonevilla.com\/"},{"@type":"ListItem","position":2,"name":"Politique de confidentialit\u00e9"}]},{"@type":"WebSite","@id":"https:\/\/perouliastonevilla.com\/#website","url":"https:\/\/perouliastonevilla.com\/","name":"Peroulia Stone Villa","description":"greece, peloponnese","publisher":{"@id":"https:\/\/perouliastonevilla.com\/#organization"},"potentialAction":[{"@type":"SearchAction","target":{"@type":"EntryPoint","urlTemplate":"https:\/\/perouliastonevilla.com\/?s={search_term_string}"},"query-input":{"@type":"PropertyValueSpecification","valueRequired":true,"valueName":"search_term_string"}}],"inLanguage":"fr-FR"},{"@type":"Organization","@id":"https:\/\/perouliastonevilla.com\/#organization","name":"Peroulia Stone Villa","url":"https:\/\/perouliastonevilla.com\/","logo":{"@type":"ImageObject","inLanguage":"fr-FR","@id":"https:\/\/perouliastonevilla.com\/#\/schema\/logo\/image\/","url":"https:\/\/perouliastonevilla.com\/wp-content\/uploads\/2023\/01\/LOGO_PEROULIASTONE_VILLA.png","contentUrl":"https:\/\/perouliastonevilla.com\/wp-content\/uploads\/2023\/01\/LOGO_PEROULIASTONE_VILLA.png","width":1024,"height":460,"caption":"Peroulia Stone Villa"},"image":{"@id":"https:\/\/perouliastonevilla.com\/#\/schema\/logo\/image\/"}}]}},"_links":{"self":[{"href":"https:\/\/perouliastonevilla.com\/index.php\/wp-json\/wp\/v2\/pages\/3","targetHints":{"allow":["GET"]}}],"collection":[{"href":"https:\/\/perouliastonevilla.com\/index.php\/wp-json\/wp\/v2\/pages"}],"about":[{"href":"https:\/\/perouliastonevilla.com\/index.php\/wp-json\/wp\/v2\/types\/page"}],"author":[{"embeddable":true,"href":"https:\/\/perouliastonevilla.com\/index.php\/wp-json\/wp\/v2\/users\/1"}],"replies":[{"embeddable":true,"href":"https:\/\/perouliastonevilla.com\/index.php\/wp-json\/wp\/v2\/comments?post=3"}],"version-history":[{"count":15,"href":"https:\/\/perouliastonevilla.com\/index.php\/wp-json\/wp\/v2\/pages\/3\/revisions"}],"predecessor-version":[{"id":1051,"href":"https:\/\/perouliastonevilla.com\/index.php\/wp-json\/wp\/v2\/pages\/3\/revisions\/1051"}],"wp:attachment":[{"href":"https:\/\/perouliastonevilla.com\/index.php\/wp-json\/wp\/v2\/media?parent=3"}],"curies":[{"name":"wp","href":"https:\/\/api.w.org\/{rel}","templated":true}]}}